 the prime factors of 7108.
2, 1777
What are the prime factors of 10680?
2, 3, 5, 89
What are the prime factors of 12893?
12893
What are the prime factors of 327?
3, 109
What are the prime factors of 203?
7, 29
What are the prime factors of 4930?
2, 5, 17, 29
What are the prime factors of 16430?
2, 5, 31, 53
What are the prime factors of 36812?
2, 9203
List the prime factors of 140152.
2, 17519
List the prime factors of 15410.
2, 5, 23, 67
What are the prime factors of 12818?
2, 13, 17, 29
What are the prime factors of 77?
7, 11
What are the prime factors of 11836?
2, 11, 269
List the prime factors of 5306.
2, 7, 379
What are the prime factors of 12292?
2, 7, 439
What are the prime factors of 1934?
2, 967
List the prime factors of 621.
3, 23
What are the prime factors of 44576?
2, 7, 199
List the prime factors of 17534.
2, 11, 797
List the prime factors of 13921.
13921
What are the prime factors of 3907?
3907
What are the prime factors of 17861?
53, 337
List the prime factors of 15504.
2, 3, 17, 19
List the prime factors of 104875.
5, 839
List the prime factors of 2791.
2791
List the prime factors of 3083.
3083
List the prime factors of 11290.
2, 5, 1129
List the prime factors of 3414.
2, 3, 569
What are the prime factors of 1744?
2, 109
What are the prime factors of 1562?
2, 11, 71
List the prime factors of 11588.
2, 2897
List the prime factors of 964.
2, 241
List the prime factors of 11478.
2, 3, 1913
List the prime factors of 1025.
5, 41
List the prime factors of 9914.
2, 4957
List the prime factors of 1953.
3, 7, 31
List the prime factors of 25045.
5, 5009
List the prime factors of 68707.
127, 541
What are the prime factors of 9630?
2, 3, 5, 107
What are the prime factors of 3007?
31, 97
List the prime factors of 17919.
3, 11, 181
List the prime factors of 5358.
2, 3, 19, 47
What are the prime factors of 88462?
2, 11, 4021
What are the prime factors of 2453?
11, 223
What are the prime factors of 27369?
3, 3041
What are the prime factors of 2466?
2, 3, 137
List the prime factors of 5675.
5, 227
What are the prime factors of 26960?
2, 5, 337
List the prime factors of 4637.
4637
List the prime factors of 9664.
2, 151
What are the prime factors of 15?
3, 5
What are the prime factors of 23065?
5, 7, 659
What are the prime factors of 3150?
2, 3, 5, 7
List the prime factors of 4645.
5, 929
What are the prime factors of 5144?
2, 643
What are the prime factors of 6630?
2, 3, 5, 13, 17
List the prime factors of 44244.
2, 3, 1229
List the prime factors of 33691.
7, 4813
List the prime factors of 17903.
17903
What are the prime factors of 14110?
2, 5, 17, 83
What are the prime factors of 19867?
19867
List the prime factors of 2178.
2, 3, 11
List the prime factors of 6986.
2, 7, 499
What are the prime factors of 15297?
3, 5099
List the prime factors of 9136.
2, 571
List the prime factors of 29147.
29147
List the prime factors of 4369.
17, 257
List the prime factors of 46208.
2, 19
List the prime factors of 818.
2, 409
List the prime factors of 38618.
2, 19309
List the prime factors of 7477.
7477
What are the prime factors of 56526?
2, 3, 9421
List the prime factors of 1107.
3, 41
What are the prime factors of 1438?
2, 719
What are the prime factors of 24205?
5, 47, 103
List the prime factors of 52712.
2, 11, 599
What are the prime factors of 13067?
73, 179
List the prime factors of 61159.
7, 8737
List the prime factors of 5489.
11, 499
List the prime factors of 19274.
2, 23, 419
List the prime factors of 43700.
2, 5, 19, 23
List the prime factors of 1005.
3, 5, 67
List the prime factors of 1104.
2, 3, 23
List the prime factors of 2136.
2, 3, 89
What are the prime factors of 1110?
2, 3, 5, 37
List the prime factors of 27931.
17, 31, 53
List the prime factors of 2022.
2, 3, 337
List the prime factors of 46127.
193, 239
List the prime factors of 4220.
2, 5, 211
What are the prime factors of 2236?
2, 13, 43
List the prime factors of 25564.
2, 7, 11, 83
What are the prime factors of 13520?
2, 5, 13
List the prime factors of 203.
7, 29
List the prime factors of 2051.
7, 293
List the prime factors of 220.
2, 5, 11
What are the prime factors of 793?
13, 61
What are the prime factors of 457?
457
What are the prime factors of 7221?
3, 29, 83
What are the prime factors of 49402?
2, 17, 1453
What are the prime factors of 7780?
2, 5, 389
What are the prime factors of 3537?
3, 131
List the prime factors of 802.
2, 401
What are the prime factors of 10929?
3, 3643
List the prime factors of 37263.
3, 12421
What are the prime factors of 181265?
5, 7, 5179
List the prime factors of 6769.
7, 967
List the prime factors of 122909.
89, 1381
List the prime factors of 2303.
7, 47
List the prime factors of 39726.
2, 3, 2207
List the prime factors of 69983.
47, 1489
What are the prime factors of 20454?
2, 3, 7, 487
What are the prime factors of 7393?
7393
What are the prime factors of 38107?
53, 719
What are the prime factors of 1251?
3, 139
List the prime factors of 80.
2, 5
List the prime factors of 971.
971
List the prime factors of 2310.
2, 3, 5, 7, 11
What are the prime factors of 263?
263
What are the prime factors of 2784?
2, 3, 29
List the prime factors of 242.
2, 11
What are the prime factors of 22805?
5, 4561
List the prime factors of 2788.
2, 17, 41
What are the prime factors of 3391?
3391
What are the prime factors of 32531?
32531
What are the prime factors of 1732?
2, 433
List the prime factors of 8118.
2, 3, 11, 41
What are the prime factors of 12841?
12841
List the prime factors of 43193.
47, 919
What are the prime factors of 97447?
7, 13921
List the prime factors of 1882.
2, 941
List the prime factors of 220.
2, 5, 11
What are the prime factors of 8592?
2, 3, 179
List the prime factors of 2514.
2, 3, 419
What are the prime factors of 14879?
14879
List the prime factors of 19762.
2, 41, 241
What are the prime factors of 1371?
3, 457
What are the prime factors of 16954?
2, 7, 173
List the prime factors of 3161.
29, 109
List the prime factors of 18649.
17, 1097
List the prime factors of 36385.
5, 19, 383
What are the prime factors of 43253?
7, 37, 167
What are the prime factors of 3943?
3943
List the prime factors of 8052.
2, 3, 11, 61
List the prime factors of 2698.
2, 19, 71
What are the prime factors of 55549?
13, 4273
What are the prime factors of 124582?
2, 167, 373
List the prime factors of 269.
269
What are the prime factors of 27821?
43, 647
What are the prime factors of 1186?
2, 593
What are the prime factors of 2119?
13, 163
List the prime factors of 12991.
11, 1181
List the prime factors of 41116.
2, 19, 541
What are the prime factors of 6951?
3, 7, 331
List the prime factors of 36352.
2, 71
List the prime factors of 91809.
3, 101
List the prime factors of 1057.
7, 151
What are the prime factors of 9464?
2, 7, 13
List the prime factors of 11635.
5, 13, 179
What are the prime factors of 5700?
2, 3, 5, 19
What are the prime factors of 308?
2, 7, 11
What are the prime factors of 21454?
2, 17, 631
What are the prime factors of 8075?
5, 17, 19
List the prime factors of 759.
3, 11, 23
What are the prime factors of 62?
2, 31
List the prime factors of 3267.
3, 11
List the prime factors of 27421.
17, 1613
List the prime factors of 13005.
3, 5, 17
List the prime factors of 2536.
2, 317
What are the prime factors of 19705?
5, 7, 563
List the prime factors of 43250.
2, 5, 173
What are the prime factors of 26911?
17, 1583
List the prime factors of 614.
2, 307
What are the prime factors of 2110?
2, 5, 211
List the prime factors of 11822.
2, 23, 257
List the prime factors of 897.
3, 13, 23
What are the prime factors of 3381?
3, 7, 23
List the prime factors of 119.
7, 17
What are the prime factors of 14852?
2, 47, 79
List the prime factors of 86864.
2, 61, 89
What are the prime factors of 10400?
2, 5, 13
What are the prime factors of 1730?
2, 5, 173
List the prime factors of 962.
2, 13, 37
What are the prime factors of 27373?
31, 883
What are the prime factors of 79?
79
List the prime factors of 11698.
2, 5849
What are the prime factors of 3865?
5, 773
List the prime factors of 4589.
13, 353
What are the prime factors of 1096?
2, 137
List the prime factors of 19961.
19961
List the prime factors of 1173.
3, 17, 23
List the prime factors of 14460.
2, 3, 5, 241
List th